j) be the second derivative of -j**6/144 - j**5/30 + 5*j**4/3 - j**2/2 + 16*j. Let o(c) be the third derivative of z(c). Give o(-3).
11
Let r(j) = j**3 + 6*j**2 - 7*j - 5. Let m(a) = -a**3 - 5*a**2 - 5*a - 4. Let t(h) = -4*h + 13. Let z be t(4). Let f be m(z). Determine r(f).
-5
Let o(l) = -14*l + 1. Suppose -f = -2*w + 7, -4*f - 4*w - 25 = -33. What is o(f)?
15
Let s(l) = l**2 - l - 8. Let m be s(6). Let o = -126 - -126. Suppose o = m*v - 25*v - 12. Let j(p) = 3*p + 4. Determine j(v).
-8
Let h(x) = -56 - 347326*x + 347344*x + 4 - x**2. Calculate h(15).
-7
Let f(i) = i**2 + 4*i - 1. Let k(y) = 11*y**2 - 6*y**3 + 9 - 4*y**3 + y - 27*y**2 + 9*y**3. Let g be k(-16). What is f(g)?
20
Suppose 3*u + 5 = -5*p, u + 0*u = -p - 1. Let t(h) be the first derivative of -1/3*h**3 - 2 - 1/2*h**2 + 13*h. What is t(u)?
13
Let g be 6/(-63) - (3/(126/(-424)) + (-1552)/(-388)). Let w(a) be the third derivative of -a**6/120 + 2*a**5/15 - a**4/6 - a**3 + a**2. Give w(g).
42
Let s(c) = -18 + 114*c**2 - 202*c**2 + 7*c + 87*c**2. Calculate s(7).
-18
Suppose -25*y + 35*y = 2150. Let o = y - 220. Let m(n) = 5*n + 3. Let f(a) = -a + 1. Let b(w) = -4*f(w) - m(w). Determine b(o).
-2
Let g(z) = z**2 - 88*z + 456. Let d be g(82). Let l(o) = o**3 + 37*o**2 + 33*o - 88. What is l(d)?
20
Let h = 471 - 469. Let a(b) = 39*b + 17 - 44*b + 5*b**h - 4*b**3 + 3*b**3 - 11. What is a(4)?
2
Suppose 0 = -6*r + 6 - 0. Let o be r/(-7) + (-6)/(-42). Let j(i) = i**2 + i - 4. Give j(o).
-4
Let o(v) = -v - v - 13162 + 13154. Calculate o(15).
-38
Let m(k) = -79 + 6*k**2 + 19 - 6*k + 12 + 23 + 21. What is m(3)?
32
Let g(s) be the first derivative of -s - 5/2*s**2 - 91. Suppose 0 = 2*o - 4 + 2. What is g(o)?
-6
Let h(o) = -3034869 + 11*o**2 + o**2 + 70*o + 3034856. Determine h(-6).
-1
Let l be (-38)/57*-5*(-3)/(-30). Let g(k) be the first derivative of -4 + 5*k + l*k**3 + 5/2*k**2. Give g(-5).
5
Let f(q) = -4*q**3 - 13*q - 12. Let a(h) = 167*h - 9854. Let v be a(59). Give f(v).
5
Let z be (-2 - (-8)/(-4))*15/12. Let x(o) be the second derivative of -o**4/12 - 5*o**3/6 - o**2 - 450*o. Calculate x(z).
-2
Let i be 23/((-1150)/(-20))*15. Let u(p) be the third derivative of 0*p**3 + 0*p + 0 - 1/24*p**4 + 2/15*p**5 - 7*p**2 + 1/120*p**i. What is u(-8)?
8
Let i(a) = -a - 11. Let z be 113 + (-19)/19 + 1 + -1. Suppose -z = 65*n - 57*n. What is i(n)?
3
Let g(u) = -u**3 + 6*u**2 + 9*u - 8. Suppose -l + 4*q = -26, -5*q - 31 = 79*l - 80*l. Calculate g(l).
46
Let w(g) = 93*g**2 + 9*g + 26. Let l(s) = -41*s**2 - 4*s - 10. Let k(y) = 9*l(y) + 4*w(y). Calculate k(4).
62
Let q(a) = -398*a - a**2 - 410*a + 6 + 818*a. Let n be (-3)/30 + (555/50 - 0). Determine q(n).
-5
Let c(b) = -b**3 - 4*b**2 + 6*b - 2. Suppose 13*g + 52 = 9*g. Let q = 20 + g. Suppose q*s = s - 30. Calculate c(s).
-7
Let r(t) = -9*t**2 + 110*t - 18. Suppose 7*v + 23 - 107 = 0. Let a be r(v). Let l(g) = g**2 - 5*g - 2. Determine l(a).
4
Let v(y) = -4 + 69*y**2 - 75*y**2 + y**3 + 3 + 3*y - y. Let s(p) = -p**3 - 8*p**2 - 6*p + 10. Let t be s(-7). Calculate v(t).
-22
Let c(a) = -a**3 + 36*a**2 + 405*a + 7. Let o be c(45). Let s(d) = d**2 - 2*d - 22. Determine s(o).
13
Let f(j) = 59*j + 89. Let u(o) = -50*o - 89. Let w(m) = 7*f(m) + 8*u(m). What is w(7)?
2
Let b(y) = -11*y - 8. Let a be b(-5). Suppose 4*q - a + 31 = 0. Let z(f) = f**2 - 5*f - 3. Calculate z(q).
-7
Suppose 11*q - 1168 + 1124 = 0. Let a(p) = -12*p + 41. Calculate a(q).
-7
Let y(c) = c + 1. Let x(l) = -6 - 266*l + 3 + 265*l. Let u(v) = -x(v) - 2*y(v). What is u(8)?
-7
Suppose -2*u - 3*u + 4*f - 69 = 0, -5*u + 5*f - 65 = 0. Let k = u + 24. Let l(y) be the first derivative of -y**4/4 + 2*y**3 + 4*y**2 + 116. Calculate l(k).
7
Let n(f) be the second derivative of f**5/60 - f**4/4 - 14*f**3/3 + 62*f. Let s(t) be the second derivative of n(t). Calculate s(3).
0
Let f(m) = 44*m**2 + 11*m**2 + 11954*m - 5975*m - 5980*m. Determine f(-1).
56
Let g(a) = -33*a - 18. Let o be g(-1). Suppose -2 = -17*b + o*b. Let z(h) be the first derivative of 7*h**4/4 + h**2/2 - 2. Calculate z(b).
8
Let w(b) = -b**3 - 13*b**2 - 13*b - 15. Suppose -2*i + 19 + 16 = -t, -2*i = 2*t - 44. Suppose -i*c - 186 = 42. Determine w(c).
-3
Let f(o) = 2*o**2 - 8*o - 7. Let p be f(5). Suppose -19 - 17 = p*q. Let s be q + (1 - (-5 - -2)). Let w(n) = -n - 8. Calculate w(s).
0
Suppose -4*v = -j - 36, v - 3*j = -2 - 0. Suppose -14 = -o + 5*d, -v = 3*d + 2*d. Let u(f) = -2*f + 2. Determine u(o).
-6
Let y(t) = t**3 + t**2 - 6*t + 3. Let m(r) = r**2 + 13*r + 35. Let b be m(-9). Let c be 1/b*(-126)/(-42). Give y(c).
3
Let r(j) = j**3 - 16*j**2 + 5*j + 2. Let h be r(12). Let k = -513 - h. Let x(a) = 5*a - 2. Give x(k).
3
Let k be (0 - 1) + 7*-1. Let m(q) be the first derivative of -q**2 - 18*q + 142. Let v be m(k). Let l(s) = -s**2. Determine l(v).
-4
Let v(s) = -s**2 - 12*s - 17. Let z(b) = 22*b - 225. Let y be z(10). Let d be (37/74)/((15/54)/y). Determine v(d).
10
Let x = -223 + 227. Let v(s) = 8*s**3 - 7*s + 2*s**2 + 6*s + x - 12*s**2 - 7*s**3. Calculate v(10).
-6
Let b = 10559 + -10524. Let j(d) = 2*d**3 - 71*d**2 + 38*d - 92. What is j(b)?
13
Let m(g) be the second derivative of 1/4*g**4 - 1/3*g**3 - 63 - 3*g**2 - 2*g. Determine m(2).
2
Let o(r) be the second derivative of 19*r**4/3 + 2*r**3/3 - 3*r**2/2 - 5989*r. Determine o(1).
77
Let v(o) = 1. Let g be (2/(-4))/(-2 + 6/4). Let s(p) = -2*p + 4. Let u(i) = g*s(i) - v(i). Calculate u(6).
-9
Let v be ((-26)/(-78))/((-2)/(-6)). Let s(f) = f + 1 - v + 3. Give s(-5).
-2
Suppose -z - 9 = -2*z. Suppose -8*f = 23 + z. Let n(g) = -g + 7. Calculate n(f).
11
Suppose 5*u = 110 - 90. Suppose 9*c - u*y = 8*c + 3, c + 2*y - 9 = 0. Let m(z) = 0*z**2 - z**2 + 6*z - 7 + z. Determine m(c).
-7
Let j(p) = -2*p**2 + 30*p + 202. Let o be -14 - 2502/(-180) - (-4 + 644/(-40)). Give j(o).
2
Suppose -106 = -5*p + 68 - 149. Let k(t) = t**2 - t + 7. Give k(p).
27
Let i(y) be the first derivative of 11*y + 62 + 1/3*y**3 - 6*y**2. Calculate i(11).
0
Suppose 24*k = -52 - 14 - 6. Let j(u) = u**2 + 2*u + 6. Give j(k).
9
Let s(x) = -x**3 + 8*x**2 - 7*x + 17. Let n(b) = 2*b**3 + 34*b**2 - 57*b - 372. Let w be n(-18). Determine s(w).
47
Suppose 416 = -28*a + 500. Let w(j) = -2 + 5 - 10*j - 2*j. Give w(a).
-33
Let z(o) = -4*o + 10. Let a(d) = -1. Let i(h) = -5*a(h) - z(h). Let p = 60129 + -60126. Give i(p).
7
Let s(r) = 12 + 1 - 22*r + r**2 - 58. Let o be s(24). Let j(i) = i**o + 12 + 3*i**2 + 6 - 16 + 4*i. Give j(-3).
-10
Let t(y) = -26 - 13 - 7 - y + 10. What is t(-23)?
-13
Let f = -25037 - -25015. Let g(h) = -2*h - 74. Determine g(f).
-30
Let o(p) be the third derivative of -p**6/120 - p**5/20 - p**4/12 - 5*p**3/6 + 1611*p**2. Determine o(-4).
19
Suppose -125*w = -531 + 156. Let f(q) = 32*q - 9. Calculate f(w).
87
Let g be (2 + 3)/15*-6*(-26)/(-4). Let j(x) = -5*x - 48. What is j(g)?
17
Let d(u) = -3*u + 3. Let j(z) = 5*z + 152. Let b(y) = -y**2 - 10*y - 30. Let a be b(0). Let q be j(a). Determine d(q).
-3
Let v(p) = 40 - 8*p - 3*p + 27*p + p - 8*p. What is v(-4)?
4
Let n(c) = c**3 + 2*c**2 - 7*c + 11. Suppose 3134 = 84*k + 3638. What is n(k)?
-91
Suppose -3*m - 14*p = -19*p + 15, 15 = -m + 5*p. Let y be (27/(-9))/(m + 15/20). Let s(i) = 5 - 1 + 6*i + 2. Determine s(y).
-18
Let k(d) = -d**3 - 2*d**2 + 4*d + 2. Suppose -4*a = -3*j + 4*j + 8, 4*a = -4*j - 8. What is k(a)?
-6
Let t(c) = 6*c - 32. Let s be t(6). Let m be (24/s - 2)*66/8. Let q = m - 30. Let i(v) = -9*v + 4. Determine i(q).
-23
Let l(v) = 20*v**2 + 13*v - 25. Let b(m) = -33*m**2 - 26*m + 49. Let w(u) = -3*b(u) - 5*l(u). What is w(4)?
14
Let l be -6 - -17 - (44 + -34). Let m(y) = 17*y**2 + y - 1. Calculate m(l).
17
Let o(s) be the second derivative of -1/2*s**2 + 1/4*s**4 - 1/10*s**5 + s + 63 + 1/6*s**3. Determine o(2).
-3
Let l(y) = y**3 - 7*y**2 + 7*y - 8. Let g = -123 - -126. Suppose 2*n - 1 = -g. Let c(p) = -6*p**3 + p**2 + p. Let q be c(n). Calculate l(q).
-2
Let j = -30 - 38. Let i = j - -113. Let g = i + -42. Let c(n) = n**2 - 5*n + 2. What is c(g)?
-4
Let s(g) = g**2 - 2*g + 3. Suppose 0 = 2*k - 16 - 12. Let x(t) = -2*t**2 + 4*t - 7. Let a(n) = k*s(n) + 6*x(n). Determine a(3).
6
Suppose 0 = 2*l + 2*x - 22, x = 51*l - 53*l + 28. Let g(s) = s**3 - 17*s**2 + 3*s - 1. Determine g(l).
50
Let w(x) = -19 + 1778*x - 1771*x - 26. Determine w(7).
4
Let 